 the remainder when 714 is divided by 11?
10
Calculate the remainder when 3585 is divided by 26.
23
What is the remainder when 6056 is divided by 404?
400
What is the remainder when 2037 is divided by 15?
12
What is the remainder when 27 is divided by 15?
12
What is the remainder when 216 is divided by 2?
0
Calculate the remainder when 1720 is divided by 26.
4
Calculate the remainder when 5169 is divided by 55.
54
Calculate the remainder when 86 is divided by 29.
28
Calculate the remainder when 57 is divided by 10.
7
What is the remainder when 1477 is divided by 240?
37
Calculate the remainder when 330 is divided by 28.
22
What is the remainder when 189 is divided by 27?
0
Calculate the remainder when 242 is divided by 80.
2
What is the remainder when 108 is divided by 67?
41
Calculate the remainder when 490 is divided by 51.
31
Calculate the remainder when 280 is divided by 134.
12
What is the remainder when 468 is divided by 6?
0
What is the remainder when 50685 is divided by 256?
253
Calculate the remainder when 38 is divided by 13.
12
Calculate the remainder when 571 is divided by 52.
51
What is the remainder when 1252 is divided by 206?
16
Calculate the remainder when 28 is divided by 23.
5
Calculate the remainder when 188 is divided by 25.
13
What is the remainder when 1770 is divided by 250?
20
Calculate the remainder when 8034 is divided by 14.
12
What is the remainder when 8323 is divided by 238?
231
Calculate the remainder when 521 is divided by 46.
15
What is the remainder when 647 is divided by 27?
26
What is the remainder when 334 is divided by 318?
16
What is the remainder when 258 is divided by 44?
38
Calculate the remainder when 659 is divided by 149.
63
Calculate the remainder when 287 is divided by 20.
7
What is the remainder when 234 is divided by 76?
6
Calculate the remainder when 278 is divided by 94.
90
Calculate the remainder when 63 is divided by 34.
29
What is the remainder when 31 is divided by 8?
7
Calculate the remainder when 1957 is divided by 53.
49
What is the remainder when 259 is divided by 56?
35
What is the remainder when 14 is divided by 5?
4
Calculate the remainder when 180 is divided by 26.
24
Calculate the remainder when 1982 is divided by 976.
30
What is the remainder when 11101 is divided by 8?
5
What is the remainder when 83 is divided by 23?
14
Calculate the remainder when 288 is divided by 15.
3
Calculate the remainder when 7341 is divided by 8.
5
Calculate the remainder when 204 is divided by 14.
8
What is the remainder when 3360 is divided by 33?
27
What is the remainder when 457 is divided by 11?
6
What is the remainder when 97 is divided by 43?
11
Calculate the remainder when 5872 is divided by 120.
112
What is the remainder when 394 is divided by 154?
86
What is the remainder when 261 is divided by 14?
9
Calculate the remainder when 6622 is divided by 63.
7
What is the remainder when 937 is divided by 134?
133
What is the remainder when 1298 is divided by 65?
63
Calculate the remainder when 104 is divided by 82.
22
Calculate the remainder when 2245 is divided by 45.
40
What is the remainder when 3651 is divided by 44?
43
What is the remainder when 822 is divided by 54?
12
What is the remainder when 559 is divided by 291?
268
What is the remainder when 5566 is divided by 87?
85
Calculate the remainder when 478 is divided by 40.
38
What is the remainder when 205 is divided by 35?
30
What is the remainder when 122 is divided by 33?
23
Calculate the remainder when 126 is divided by 40.
6
What is the remainder when 26 is divided by 6?
2
What is the remainder when 546 is divided by 124?
50
What is the remainder when 374 is divided by 13?
10
Calculate the remainder when 896 is divided by 200.
96
Calculate the remainder when 58 is divided by 18.
4
Calculate the remainder when 1434 is divided by 40.
34
What is the remainder when 128 is divided by 3?
2
What is the remainder when 96 is divided by 62?
34
Calculate the remainder when 136 is divided by 54.
28
Calculate the remainder when 159 is divided by 16.
15
What is the remainder when 1151 is divided by 36?
35
Calculate the remainder when 37 is divided by 22.
15
Calculate the remainder when 235 is divided by 119.
116
What is the remainder when 136 is divided by 14?
10
Calculate the remainder when 573 is divided by 140.
13
Calculate the remainder when 45 is divided by 26.
19
What is the remainder when 194 is divided by 62?
8
Calculate the remainder when 1714 is divided by 52.
50
What is the remainder when 1013 is divided by 29?
27
What is the remainder when 2082 is divided by 36?
30
What is the remainder when 327 is divided by 128?
71
What is the remainder when 419 is divided by 198?
23
Calculate the remainder when 1603 is divided by 73.
70
Calculate the remainder when 3028 is divided by 24.
4
Calculate the remainder when 312 is divided by 60.
12
Calculate the remainder when 42 is divided by 3.
0
Calculate the remainder when 138 is divided by 6.
0
Calculate the remainder when 627 is divided by 80.
67
What is the remainder when 337 is divided by 31?
27
Calculate the remainder when 1778 is divided by 15.
8
What is the remainder when 2169 is divided by 135?
9
Calculate the remainder when 230 is divided by 39.
35
Calculate the remainder when 3622 is divided by 22.
14
Calculate the remainder when 6540 is divided by 131.
121
What is the remainder when 1259 is divided by 7?
6
What is the remainder when 2456 is divided by 10?
6
What is the remainder when 161 is divided by 45?
26
What is the remainder when 163 is divided by 50?
13
Calculate the remainder when 11554 is divided by 12.
10
Calculate the remainder when 159 is divided by 20.
19
What is the remainder when 38 is divided by 24?
14
What is the remainder when 2783 is divided by 22?
11
What is the remainder when 873 is divided by 290?
3
Calculate the remainder when 126 is divided by 103.
23
What is the remainder when 636 is divided by 212?
0
What is the remainder when 30 is divided by 26?
4
What is the remainder when 155 is divided by 26?
25
Calculate the remainder when 1071 is divided by 350.
21
Calculate the remainder when 5087 is divided by 14.
5
What is the remainder when 578 is divided by 108?
38
Calculate the remainder when 404 is divided by 208.
196
Calculate the remainder when 127 is divided by 5.
2
What is the remainder when 222 is divided by 25?
22
What is the remainder when 93 is divided by 19?
17
Calculate the remainder when 1551 is divided by 219.
18
What is the remainder when 149 is divided by 31?
25
What is the remainder when 33081 is divided by 119?
118
What is the remainder when 1090 is divided by 344?
58
Calculate the remainder when 47 is divided by 22.
3
What is the remainder when 88 is divided by 19?
12
What is the remainder when 100 is divided by 28?
16
Calculate the remainder when 2665 is divided by 29.
26
Calculate the remainder when 471 is divided by 49.
30
Calculate the remainder when 319 is divided by 45.
4
Calculate the remainder when 225 is divided by 87.
51
What is the remainder when 149 is divided by 9?
5
Calculate the remainder when 6957 is divided by 67.
56
Calculate the remainder when 31 is divided by 22.
9
What is the remainder when 1497 is divided by 120?
57
Calculate the remainder when 254 is divided by 24.
14
What is the remainder when 22423 is divided by 69?
67
What is the remainder when 12958 is divided by 30?
28
What is the remainder when 157 is divided by 33?
25
What is the remainder when 1924 is divided by 47?
44
Calculate the remainder when 129 is divided by 31.
5
What is the remainder when 338 is divided by 31?
28
What is the remainder when 1582 is divided by 37?
28
Calculate the remainder when 113 is divided by 30.
23
What is the remainder when 2440 is divided by 59?
21
What is the remainder when 646 is divided by 58?
8
Calculate the remainder when 550 is divided by 5.
0
Calculate the remainder when 1438 is divided by 229.
64
Calculate the remainder when 3378 is divided by 226.
214
What is the remainder when 42 is divided by 12?
6
What is the remainder when 86 is divided by 22?
20
Calculate the remainder when 457 is divided by 77.
72
What is the remainder when 307 is divided by 101?
4
Calculate the remainder when 294 is divided by 92.
18
What is the remainder w